{"id":109,"date":"2019-01-06T12:45:36","date_gmt":"2019-01-06T12:45:36","guid":{"rendered":"https:\/\/www.firewings.org\/wordpress\/?page_id=109"},"modified":"2024-12-28T13:13:56","modified_gmt":"2024-12-28T13:13:56","slug":"start","status":"publish","type":"page","link":"https:\/\/www.firewings.org\/","title":{"rendered":"Herzlich Willkommen!"},"content":{"rendered":"\t\t<div data-elementor-type=\"wp-post\" data-elementor-id=\"109\" class=\"elementor elementor-109\">\n\t\t\t\t\t\t<section class=\"elementor-section elementor-top-section elementor-element elementor-element-7cc12c09 elementor-section-boxed elementor-section-height-default elementor-section-height-default\" data-id=\"7cc12c09\" data-element_type=\"section\" data-e-type=\"section\">\n\t\t\t\t\t\t<div class=\"elementor-container elementor-column-gap-default\">\n\t\t\t\t\t<div class=\"elementor-column elementor-col-100 elementor-top-column elementor-element elementor-element-d15a44e\" data-id=\"d15a44e\" data-element_type=\"column\" data-e-type=\"column\">\n\t\t\t<div class=\"elementor-widget-wrap elementor-element-populated\">\n\t\t\t\t\t\t<div class=\"elementor-element elementor-element-7a68dc20 elementor-widget elementor-widget-text-editor\" data-id=\"7a68dc20\" data-element_type=\"widget\" data-e-type=\"widget\" data-widget_type=\"text-editor.default\">\n\t\t\t\t<div class=\"elementor-widget-container\">\n\t\t\t\t\t\t\t\t\t<p style=\"text-align: left;\">Wir sind Firewings, die Artistengruppe aus Panketal (bei Berlin). Wir bieten Ihnen abwechslungsreiche Shows f\u00fcr jeden Anlass: Stadtfeste, Firmen- und Privatfeiern, Musikfestivals und noch viele mehr. <br \/>Keine Idee, womit Sie Ihren Lieben an einem besonderen Tag eine Freude machen k\u00f6nnen? Mit unseren stimmungsvollen Shows k\u00f6nnen Sie tolle Momente und einzigartige Erinnerungen verschenken. Ob mit einer romantischen Feuershow zur Hochzeit oder mit Zauberei und Clownerie f\u00fcr die ganze Familie zur Einschulung oder zum Kindergeburtstag &#8211; wir bringen Ihre G\u00e4ste garantiert zum L\u00e4cheln und Staunen!<br \/>Neben vielen Privatfeiern wie Hochzeiten, Geburtstagen und Jugendweihen, durften wir unser Publikum bereits bei Veranstaltungen wie dem Inselleuchten in Marienwerder, der Gauklernacht in Bernau und dem Liedermacher- und Kleinkunstfestival der Altmark begeistern.<br \/>Lassen auch Sie sich verzaubern!<\/p>\n<p>\u00a0<\/p>\n<p><!-- \/wp:paragraph --><\/p>\t\t\t\t\t\t\t\t<\/div>\n\t\t\t\t<\/div>\n\t\t\t\t\t<\/div>\n\t\t<\/div>\n\t\t\t\t\t<\/div>\n\t\t<\/section>\n\t\t\t\t<section class=\"elementor-section elementor-top-section elementor-element elementor-element-4dc0a52 elementor-section-boxed elementor-section-height-default elementor-section-height-default\" data-id=\"4dc0a52\" data-element_type=\"section\" data-e-type=\"section\">\n\t\t\t\t\t\t<div class=\"elementor-container elementor-column-gap-default\">\n\t\t\t\t\t<div class=\"elementor-column elementor-col-100 elementor-top-column elementor-element elementor-element-ca79988\" data-id=\"ca79988\" data-element_type=\"column\" data-e-type=\"column\">\n\t\t\t<div class=\"elementor-widget-wrap elementor-element-populated\">\n\t\t\t\t\t\t<div class=\"elementor-element elementor-element-36ee067 elementor-widget elementor-widget-image\" data-id=\"36ee067\" data-element_type=\"widget\" data-e-type=\"widget\" data-widget_type=\"image.default\">\n\t\t\t\t<div class=\"elementor-widget-container\">\n\t\t\t\t\t\t\t\t\t\t\t\t\t\t\t<img fetchpriority=\"high\" decoding=\"async\" width=\"640\" height=\"433\" src=\"https:\/\/www.firewings.org\/wp-content\/uploads\/2024\/12\/IMG_0263-1024x693.jpg\" class=\"attachment-large size-large wp-image-335\" alt=\"\" srcset=\"https:\/\/www.firewings.org\/wp-content\/uploads\/2024\/12\/IMG_0263-1024x693.jpg 1024w, https:\/\/www.firewings.org\/wp-content\/uploads\/2024\/12\/IMG_0263-300x203.jpg 300w, https:\/\/www.firewings.org\/wp-content\/uploads\/2024\/12\/IMG_0263-768x519.jpg 768w, https:\/\/www.firewings.org\/wp-content\/uploads\/2024\/12\/IMG_0263-1536x1039.jpg 1536w, https:\/\/www.firewings.org\/wp-content\/uploads\/2024\/12\/IMG_0263.jpg 1644w\" sizes=\"(max-width: 640px) 100vw, 640px\" \/>\t\t\t\t\t\t\t\t\t\t\t\t\t\t\t<\/div>\n\t\t\t\t<\/div>\n\t\t\t\t\t<\/div>\n\t\t<\/div>\n\t\t\t\t\t<\/div>\n\t\t<\/section>\n\t\t\t\t<\/div>\n\t\t","protected":false},"excerpt":{"rendered":"<p>Wir sind Firewings, die Artistengruppe aus Panketal (bei Berlin). Wir bieten Ihnen abwechslungsreiche Shows f\u00fcr jeden Anlass: Stadtfeste, Firmen- und Privatfeiern, Musikfestivals und noch viele mehr. Keine Idee, womit Sie Ihren Lieben an einem besonderen Tag eine Freude machen k\u00f6nnen? Mit unseren stimmungsvollen Shows k\u00f6nnen Sie tolle Momente und einzigartige Erinnerungen verschenken. Ob mit einer [&hellip;]<\/p>\n","protected":false},"author":1,"featured_media":0,"parent":0,"menu_order":0,"comment_status":"closed","ping_status":"closed","template":"","meta":{"footnotes":""},"class_list":["post-109","page","type-page","status-publish","hentry"],"_links":{"self":[{"href":"https:\/\/www.firewings.org\/index.php?rest_route=\/wp\/v2\/pages\/109","targetHints":{"allow":["GET"]}}],"collection":[{"href":"https:\/\/www.firewings.org\/index.php?rest_route=\/wp\/v2\/pages"}],"about":[{"href":"https:\/\/www.firewings.org\/index.php?rest_route=\/wp\/v2\/types\/page"}],"author":[{"embeddable":true,"href":"https:\/\/www.firewings.org\/index.php?rest_route=\/wp\/v2\/users\/1"}],"replies":[{"embeddable":true,"href":"https:\/\/www.firewings.org\/index.php?rest_route=%2Fwp%2Fv2%2Fcomments&post=109"}],"version-history":[{"count":16,"href":"https:\/\/www.firewings.org\/index.php?rest_route=\/wp\/v2\/pages\/109\/revisions"}],"predecessor-version":[{"id":338,"href":"https:\/\/www.firewings.org\/index.php?rest_route=\/wp\/v2\/pages\/109\/revisions\/338"}],"wp:attachment":[{"href":"https:\/\/www.firewings.org\/index.php?rest_route=%2Fwp%2Fv2%2Fmedia&parent=109"}],"curies":[{"name":"wp","href":"https:\/\/api.w.org\/{rel}","templated":true}]}}